 + 11 + 11 - -3.
16
What is the value of (-39 + 85 - 67) + 2 + -1?
-20
What is the value of -25 - (-25 + -12 + -16)?
28
Evaluate (3 + -9 + 3 - (15 + -12)) + 5.
-1
Calculate 0 + -2 + (41 + -33 - (1 + 7)).
-2
What is the value of 71 + -75 + -5 + -36 + 18?
-27
What is -47 + 54 - (5 + -2) - 14?
-10
What is -1 + (23 - 2) - (68 + -58)?
10
What is (-3 - 17) + 2 + -6?
-24
Evaluate -27 + (4 - -8) + 13.
-2
4 - ((10 - 5) + 0)
-1
What is the value of (641 - 652) + (-1 - -5)?
-7
What is the value of 5 + (-25 - (-34 + 17))?
-3
Calculate 38 - (31 + (-10 - 0)).
17
What is the value of -1 + 5 - (-12 - (15 + -21)) - -2?
12
Evaluate 14 + -2 + 1 + -3 + -3 + 4.
11
What is the value of -7 + 26 + -7 + -6 + 6?
12
What is the value of -1 - (30 - 16 - -8) - -15?
-8
Evaluate -10 - ((35 - 17 - (0 - -10)) + -48).
30
What is 6 + 12 + -22 + 2?
-2
Evaluate -1 + 40 + -3 - (41 + -27).
22
-27 - (8 - (-35 + 40))
-30
7 + -13 - (-58 + 40)
12
What is the value of -4 - (52 + 5 + -51)?
-10
-39 - (-85 + 36 + 1)
9
(23 - (1 + (15 - 8))) + -4 - -7
18
(29 - 44) + -8 + 3 + -3
-23
What is -4 - ((-13 + 12 - -28) + -13)?
-18
Calculate (9 - (30 - -1)) + -14 + 22.
-14
What is the value of -14 + (-12 - -6 - -7) - 1?
-14
What is -8 - (0 + 2) - (3 + -29)?
16
-2 + (4 + -10 + (-6 - -7) - 1)
-8
What is the value of 15 - (-7 - ((8 - 8) + -13))?
9
Calculate 0 + -18 + 47 + -34 + -4.
-9
What is the value of -12 - (-19 + -13 - -8)?
12
9 + (9 - (35 - 6)) + 35
24
What is (-1 + 15 - (38 - 23)) + (0 - -10)?
9
Evaluate -9 - (4 - (22 + -10)).
-1
(-28 - (7 + -28)) + (-1 - 14)
-22
Calculate 2 + 0 - (18 + -39 + 23).
0
What is (31 - 42) + 10 + -5?
-6
What is -4 + (21 - 15) + 6?
8
Calculate -9 - (-4 + -12 + (12 - 7) + -8).
10
Evaluate -5 - (22 - (12 + -12 - -9)).
-18
Evaluate (70 - 35) + (0 - 48).
-13
Calculate 3 + (-4 - (-22 + 33)).
-12
Calculate (-4 - (2 - 6)) + 0 - (54 - 65).
11
What is 8 + (-7 - (6 + -12 - -20))?
-13
What is the value of 5 + 15 - (-10 - -34)?
-4
What is the value of 14 + (6 + 12 + -10 - 5)?
17
Evaluate 13 + -31 + 29 - (2 + 19) - 15.
-25
What is (-2 - (-14 - -13)) + (7 - -1)?
7
Evaluate -7 + 21 + (-5 - 1) + 9 + -4.
13
Evaluate (9 - (8 + (-30 - -22))) + (0 - 3).
6
What is the value of 5 - (4 - 0 - (9 - 5 - -6))?
11
What is the value of -6 + 23 + 10 + -17?
10
0 + -2 - -1 - (-22 - (-19 - -11))
13
Evaluate (12 - 32 - -44) + -23.
1
Calculate -9 + 4 + 24 + 6.
25
Evaluate 14 + (23 - 17) - 31.
-11
What is the value of (17 - ((0 - (6 + -15)) + -2)) + 4?
14
Calculate 0 + 2 - 17 - ((4 - -54) + -60).
-13
Calculate -1 - 2 - (542 - 546).
1
What is the value of 0 + -6 - (-43 - -37) - (-42 - -45)?
-3
What is the value of (-224 - -247) + (-12 - (-3 - -5))?
9
What is 18 + -2 + -29 + -1?
-14
What is -6 + 0 - (10 + (-11 - (-14 - -11)))?
-8
What is the value of 10 - (49 - ((6 - 1) + 9))?
-25
Evaluate (-29 - -43) + (-26 - (10 - 5)).
-17
What is the value of -76 + 69 - ((-3 - 2) + (-15 - -13))?
0
Evaluate 10 + (-2 - 0) - (-824 + 855).
-23
2 + 4 - (-87 + 98) - (3 - 0)
-8
What is -8 + (8 - (3 + -2 + 4)) - -6?
1
What is the value of 570 + -571 - (3 + (-1 - 0 - -1))?
-4
Evaluate 4 - (-2 - (-5 + -5)).
-4
What is -56 - -32 - -31 - (1 + 1)?
5
What is 17 + (9 - -15) + -35?
6
(17 - 8) + (-3 - 12 - 5)
-11
Evaluate -6 - -1 - (-280 - -274).
1
0 + (-8 - (-3 + -7)) + -10
-8
What is the value of -3 + (11 - (2 - -15))?
-9
Calculate -25 + 4 + 16 - (-2 + 1 - 9).
5
What is the value of ((13 - 11) + -9 - -4) + -26?
-29
What is (15 - 11) + -1 - (-8 + (2 - 1))?
10
Calculate 8 + -8 + 10 + -24.
-14
Calculate 6 + 3 - (-1 + -11 + (411 - 405)).
15
20 + (-10 - (-2 + -14 - -13))
13
14 + -18 + (6 - 1) + 0
1
15 - (34 + -19 - 1)
1
What is -15 + (3 - 0) + 432 + -391?
29
-2 + 5 + (-93 - -77)
-13
What is the value of (-17 - (-4 + 3 + -7)) + 20?
11
Evaluate (-39 - -33) + -35 + 29.
-12
What is (-3 - -30) + -16 + (-32 - 7)?
-28
What is the value of 3 + 99 + -91 + (-15 - -1)?
-3
-1 + (2 - -17) - (-17 - (-11 + -9))
15
(-6 - 0) + (0 + -15 - -15) - 3
-9
What is -32 + (30 - -29) + -45?
-18
What is 2 + 0 - 3 - (-1 + -32 + 25)?
7
Evaluate -18 + 34 + -28 - -2 - (-11 + 0).
1
What is (48 - (66 + -27)) + -26?
-17
-1 + 0 + (-2 + -11 - (0 + -9))
-5
-2 + -6 + (-5 - -7) - -8
2
Evaluate -11 + (-16 - -22 - -3).
-2
What is the value of (84 + 8 - 86) + (0 - 2)?
4
What is 4 + 0 - -4 - (-10 + (13 - 8))?
13
What is the value of 18 - (-2 + 3 + (109 - 110))?
18
What is (2324 - 2304) + -7 + 1?
14
What is the value of (2 - (-26 + 25)) + 24?
27
-2 + -6 + -1 + (-5 - -12) + 1
-1
Calculate -31 + -2 + 15 - (-9 + -7).
-2
Evaluate (-18 - (-25 - -11)) + -2.
-6
What is the value of 34 + 0 - (349 - 338)?
23
Evaluate -17 + 2 - (16 + -20) - 2.
-13
-8 + (19 - 11) - (-2 + 11 + -6)
-3
What is (-15 + (21 - 11) - 7) + 0 + -7?
-19
What is the value of 13 - (-5 + 0 + 49 + -13)?
-18
Calculate 52 - ((37 - 2) + -9).
26
What is the value of (-34 - 19) + 13 + 20?
-20
What is (50 - 49) + -4 + 9?
6
What is the value of -6 - (-3 + (1 - (0 - -4)) + 19)?
-19
What is the value of (2 + -1 - -9) + (172 - 175)?
7
Evaluate (-1 - -7) + -19 + 4 - -6.
-3
Calculate -1 + (4 - -8) + -1 + 0.
10
What is 107 + -120 - (-3 + -33)?
23
Calculate 2 + -15 + -24 + 20.
-17
Evaluate 3 + (-3 - (1 + -3 - -1)) + 3.
4
Evaluate (-29 - 30) + 50 - (2 + 12).
-23
Evaluate (-23 - (-51 + 8)) + -26.
-6
0 + (5 - -14) - (-36 + 45)
10
What is the value of (33 - 17) + -7 - (6 - 1 - 34)?
38
What is -3 + 15 + 17 + -11 - -14?
32
What is 8 + -8 + 11 - (-14 - -6)?
19
What is the value of -9 + (15 - -28) + -14?
20
(-1 + 2 - (-4 - -10 - 4)) + 39
38
Calculate 4 - 15 - -46 - 51.
-16
What is the value of -42 + 6 - -10 - -10?
-16
Evaluate -1 - (8 - 3 - -3) - (1 - 2).
-8
Evaluate 7 + (5 - (-1 + 6 - -5)).
2
Evaluate 10 - (-12 + (3 - 7) + 9).
17
Calculate -16 - ((-1 - (-23 - -11)) + -6).
-21
Evaluate -2 + 8 + (-10 - -10).
6
Calculate 1 - 0 - (8 + (12 - (6 - -4))).
-9
What is the value of (-7 - -5) + -5 + -4 + 9 + 2?
0
Calculate -20 + (1 - 2 - -4) + -68 + 75.
-10
Evaluate (43 - 27) + -20 + 6.
2
-37 + 1 + 43 + -8
-1
What is (3 - (-18 - -9)) + -3 + -1 + -1?
7
20 - 10 - (-99 - -83)
26
What is -9 + 15 + (-4 - 4 - -7)?
5
(-11 - (-9 - -10) - -10) + 1 + 6
5
Evaluate 38 + -2 - (-1069 + 1105).
0
What is the value of -40 + 44 - 71 - -37?
-30
What is the value of -11 - (0 - 1) - -13?
3
What is the value of -19 - (-7 + 3 + (-7 + 2 - -3))?
-13
What is -35 + 31 + (-3 - 0) + -3 + 9?
-1
Evaluate 8 + 8 + -5 + -28 + 2 + -4.
-19
What is the value of (34 - -4) + 38 + -63?
13
-268 + 276 - (4 + -22)
26
(1 - (1 - 0 - -7)) + -101 + 101
-7
What is -22 - -31 - (2 - -8 - 4)?
3
Calculate 2 - ((4 - (-11 + 8)) + -5 + -1).
1
What is the value of -8 - (-14 + 10 - -5) - -19?
10
-6 - (6 + (1 - 3 - -7))
-17
What is the value of -20 + (13 - -13) - -7?
13
What is 6 - 2 - -10 - 0?
14
Evaluate (-5 - (-18 - -5)) + (2 - 12).
-2
Calculate 7 - (-21 + (-19 - -24)).
23
What is (25 + -35 - (-14 + 5)) + (-8 - 1)?
-10
What is 30 + (33 - (26 + 16))?
21
Evaluate (13 - 26) + (-1 + 9 - 5).
-10
What is 12 + (4 - (4 + -7)) + (-14 - -7)?
12
What is -5 + 12 + (-2 - -1) - 6?
0
Evaluate -12 + 2 + 32 + -17.
5
Evaluate (-1 - (0 + -7 + 23)) + 8 - 4.
-13
What is the value of (11 + 0 + (6 - 11) - 6) + -8?
-8
What is the value of -65 - 1 - (152 + -193)?
-25
14 + 0 - (-1512 - -1528)
-2
Calculate (36 - (-27 + 64)) + 15.
14
Evaluate 12 + 6 + (1 - -4) + -20 + 3.
6
6 - (-22 + 4 + 6 + 9)
9
Calculate (-408 - -412) + -35 + 2.
-29
What is 0 + -11 + -102 + 117?
4
What is -18 - (-8 + 3 - 0)?
-13
Calculate 33 - (14 + 13) - (-18 - 0).
24
What is the value of (-20 - -4) + -28 + (22 - -24)?
2
0 - ((5 - 5) + 8)
-8
What is -9 + (16 - (9 + 3)) + -10?
-15
-31 - (-31 - -5) - (14 - 2)
-17
6 - (9 + (12 - 16) + 6 + -13)
8
Calculate (7 + -12 - 10) + 1.
-14
What is -17 + 48 + -14 + -15?
2
Calculate -34 - -1 - (-11 + 27 + (-10 - 13)).
-26
What is (-32 - (12 - 18)) + 9 + -1?
-18
Evaluate 86 + -76 + (-17 + 10 - (-2 + 1)).
4
Evaluate 4 + -4 + -8 + 14 - (12 - 14).
8
What is the value of -193 - -180 - (-11 - -1) - 1?
-4
What is (-12 - 1) + 10 - -28?
25
What is the value of -10 - (-4 + 15 - 26)?
5
What is the value of -67 + 61 + -3 + 8?
-1
Evaluate (-4 - -8) + -3 + 8.
9
What is the value of -11 + 3 + -15 + 37?
14
What is the value of (-16 - -8) + 21 + -8 + (0 - 23)?
-18
Evaluate -30 + (81 - 28) - (-3 + (1 - -3)).
22
What is the value of 23 - (-7 + 25 -